nder when 188 is divided by 32/(-24)*k/(-4)?
36
Suppose 1742 = 5*p + 5*b - 7*b, b + 1741 = 5*p. Calculate the remainder when p is divided by 10.
8
Let c(a) = 8*a + 106. Suppose 4 = -4*w + 4*t, 3 = -w + 5*t - 2. What is the remainder when c(w) is divided by 27?
25
Let j(s) = 26 - 6*s + 4*s + 27. Suppose 3*f - 78 = -5*o, 0 = -4*o + 4*f + 66 + 22. What is the remainder when j(0) is divided by o?
17
Let b = 4 + 18. Let u = 5 + b. What is the remainder when 53 is divided by u?
26
Suppose -2*t + 548 + 428 = 0. What is the remainder when t is divided by 41?
37
Let d = 7 + -7. Let z(w) = w**3 + w**2 - w + 6. Let k be z(d). Suppose 2*x - k*x = -228. What is the remainder when x is divided by 20?
17
Let p = -51 + 120. Calculate the remainder when p is divided by 4.
1
Let n be (-2)/(-7) - (-470)/70. Suppose -148 = n*x - 470. What is the remainder when x is divided by 16?
14
Let r(y) = 27*y**2 - 5*y + 4. Calculate the remainder when 49 is divided by r(1).
23
Let f be (4/4)/(3 + -2). What is the remainder when 12 is divided by (-2 - 8)*f/(-2)?
2
Let z = -40 - -128. Suppose z = 3*o + 16. Suppose -x + o + 10 = b, -2*b = -x - 59. Calculate the remainder when 123 is divided by b.
30
Let i = 337 - 316. Calculate the remainder when 56 is divided by i.
14
Let u = 2173 - 595. What is the remainder when u is divided by 93?
90
Let j = -35 - -72. Let t = 25 - 25. Suppose t = 5*x - 65. Calculate the remainder when j is divided by x.
11
Let f(d) be the first derivative of 4*d**3 + 5*d**2/2 - 4*d - 9. Calculate the remainder when 61 is divided by f(1).
9
Suppose -5*p - 3*n = -158, -p + 61 = p - n. What is the remainder when 284 is divided by p?
5
Suppose 84*z = 81*z + 24. What is the remainder when 37 is divided by z?
5
Let f = -14 - -15. Calculate the remainder when 58 is divided by ((-25)/20)/(f/(-16)).
18
Let n = -13 - -11. Let j = 43 + n. What is the remainder when j is divided by 6?
5
Suppose 5*n - 135 = -4*l, 5*l - 35 = -n + 13. What is the remainder when 33 is divided by n?
10
Let t be 5/(-45)*3*0. Suppose b + 65 = 6*b + 5*r, t = 2*b + r - 22. Calculate the remainder when 16 is divided by b.
7
What is the remainder when 78/(-15)*-62 + (-8)/20 is divided by 36?
34
Suppose -4 = -18*s + 17*s. Suppose -s*h + 7*h = -4*y + 100, -y = 5. What is the remainder when h is divided by 21?
19
Suppose 0 = -s - 3 + 5. Suppose 58 = s*y - 206. Suppose -y = -3*j + j + 4*k, 0 = -j + 4*k + 60. What is the remainder when j is divided by 15?
12
Let t be (-24)/(-4)*3/(-9). Let g(f) = -11*f. What is the remainder when 968/24 - t/3 is divided by g(-1)?
8
Let b(h) = -12 + 4*h + 14*h**2 + 13 - 5*h. Suppose -r - 2*k + 5 = -24, 2*k = 5*r - 145. Calculate the remainder when b(2) is divided by r.
26
Let f(d) = 3*d**2 - 3*d - 4. Suppose x - 3*o - 29 = -0*o, 4*x + 4*o = 116. Let l = -18 + x. Calculate the remainder when f(-3) is divided by l.
10
Suppose 2*i - 5*k - 37 = 0, 3*k + 42 = 2*i + i. What is the remainder when (-140)/(-6)*(-48)/(-40) is divided by i?
6
Let r(d) = d**2 + 3*d + 3. Let o be r(-3). Let h = o - -10. Calculate the remainder when 4/16 - (-1 + (-199)/4) is divided by h.
12
Let c be (-21 - -23)/(4/26). Let n = 8 + c. Calculate the remainder when n is divided by 8.
5
Let d(g) = 71*g**2 + g - 3. What is the remainder when 344 is divided by d(1)?
68
Suppose 94*k - 2669 - 2783 = 0. What is the remainder when 72 is divided by k?
14
Let p = 114 + -119. Calculate the remainder when 25 is divided by -5 - p/(25/55).
1
Let k = 41 + -19. Suppose -k - 22 = -4*v. Let f(l) = l**3 + l**2 - l + 3. Calculate the remainder when v is divided by f(0).
2
Calculate the remainder when 29 is divided by 180/(-55)*(-66)/12.
11
Calculate the remainder when 58 is divided by 28 + -6 - (-16)/2.
28
Suppose -n + 54 = 3*h, 3*h + n - 45 = -3*n. What is the remainder when h is divided by 10/(-6) + 1 + 38/3?
7
Let h(n) = -13*n + 17 + n - 6 + n**2 + 2*n. What is the remainder when h(10) is divided by 6?
5
Let j be (-65)/(-10) - 12/8. Suppose -3 = -5*t + 2. What is the remainder when 69 is divided by 5/(j/24)*t?
21
Suppose -4*y + r + 25 = 0, -3*r = 2*y + 8 - 3. Suppose -8*x = -y*x - 36. Suppose 6*j - 12 = 3*j. Calculate the remainder when x is divided by j.
0
Let o(c) = 4*c**3 - 8*c**2 + 8*c + 7. What is the remainder when o(4) is divided by 19?
15
Let j(d) = -d**3 + 29*d**2 - 98*d - 35. Let x = -6 + 34. Suppose 0 = -f + x. What is the remainder when f is divided by j(25)?
13
What is the remainder when 76 is divided by ((-66)/55)/(1/(-35))?
34
Let t(u) be the second derivative of 2*u**3 - 5*u**2/2 + 18*u. Suppose 1 = -c - 3*s, -3*s + 5*s = 2*c - 14. What is the remainder when t(c) is divided by 14?
13
Let r = 88 - 86. Suppose 5*d + 5*c - 473 = r*c, 2*d = 2*c + 186. Calculate the remainder when d is divided by 19.
18
Let k(q) = -q**2 + 21*q - 44. Let d be k(20). What is the remainder when 16 is divided by 1/((-4)/1) + (-78)/d?
1
Suppose 0 = -2*z - 3*z + 55. What is the remainder when ((-2)/6)/((-4)/(-3096)*-6) is divided by z - (0 - 0 - 0)?
10
Let k(c) = -c**3 - 4*c**3 - 1 + 4*c**3 + 0. Let o(b) = 5*b**3 - 5*b**2 + 5*b + 8. Let z(g) = 6*k(g) + o(g). Calculate the remainder when z(-7) is divided by 22.
21
Let n = -2259 + 2274. What is the remainder when 1152 is divided by n?
12
Let z(f) = f**2 - 4*f + 7. What is the remainder when (-18)/(-12) + (-201)/(-6) is divided by z(6)?
16
What is the remainder when 4*-1*(-128 + 124) is divided by (-1)/2 - 11/(-2)?
1
Suppose 0 = 4*x - 15 + 63. Let i(u) = u**3 + 12*u**2 - 2*u - 17. Calculate the remainder when ((-6)/(-4))/(3/38) is divided by i(x).
5
Let q = 70 + -31. Let d = 9519 - 9499. Calculate the remainder when q is divided by d.
19
Suppose 0 = -4*a - 2*m - 2662, 6*a - 3*a = -2*m - 1998. Let s be a/(-12) + (-4)/(-6). Suppose -3*o - s = -353. Calculate the remainder when o is divided by 25.
24
Let i = 8900 - 8894. Suppose -37 = -4*v + 19. Calculate the remainder when v is divided by i.
2
Let h(p) = -p**2 + 17*p - 3. Calculate the remainder when 204 is divided by h(8).
66
Let o = -321 - -327. Suppose -7 = 5*h + 118. Let z = h - -40. Calculate the remainder when z is divided by o.
3
Let p = -18 - -40. Calculate the remainder when 49 + (-198)/(-231)*-1*7 is divided by p.
21
Let s = -40 - -94. Let v(j) = j**3 + 11*j**2 + 2*j - 12. Let y be v(-9). Suppose -5*b + y = 62. What is the remainder when s is divided by b?
12
Suppose 5*m = -5*n + 3830, -3*n + m = -2*m - 2316. What is the remainder when n is divided by 35?
34
Let k = 368 + -361. What is the remainder when k is divided by 1?
0
What is the remainder when 18 is divided by 13 + -1 + -6 - (-3)/(-3)?
3
What is the remainder when ((-12)/(-3) - 0)*165/20 is divided by 2 - (-12 + 4 + -2)?
9
Suppose 4*q = -4*j + 116, -q + 2*j = -19 - 4. Suppose 4*l - q = l. What is the remainder when 12 is divided by l?
3
Let q(d) = d**3 + 25*d**2 + 17*d - 125. Calculate the remainder when q(-24) is divided by 16.
11
Let m = -28 + 31. Suppose 0 = m*a - g - 198, 0*a + 3*a + 2*g = 207. Calculate the remainder when a is divided by 2 - 3*4*-1.
11
Let m(p) = 153*p**2. Let b(n) = -4*n**3 - 7*n - 7. What is the remainder when m(-1) is divided by b(-2)?
36
Let a = 201 - 151. What is the remainder when a is divided by 8?
2
Let r(n) = 3*n - 2. Let t(q) = q**3 - 5*q**2 + 2*q. Calculate the remainder when r(7) is divided by t(5).
9
Let y = -9 + 82. Let p = y + -19. What is the remainder when p is divided by 8?
6
Let h(u) = -5*u**3 + 16*u**2 + 11*u + 6. Calculate the remainder when h(-4) is divided by 27.
25
Let c = -17478 + 17499. Let a(t) = 18*t + 2. Calculate the remainder when a(2) is divided by c.
17
Let q = 3 - 7. Let o(g) be the second derivative of -g**5/20 - g**4/12 - g**3/6 - 2*g**2 - 5*g. What is the remainder when o(q) is divided by 17?
14
Calculate the remainder when 14/(-10) - 68*18/(-60) is divided by 4.
3
What is the remainder when 124 is divided by (-500)/150*(-198)/15?
36
What is the remainder when 25 + (1 - 0 - -1) is divided by 0 + (-3*(-2)/2 - -2)?
2
Calculate the remainder when 27 is divided by (25/10)/(9 + (-1276)/144).
9
Let u(l) = 5*l - 1. Let t be u(-2). Let q(p) = -15*p - 16. What is the remainder when q(t) is divided by 30?
29
Suppose 42*g + 6*g - 2160 = 0. What is the remainder when 124 is divided by g?
34
Suppose 101 = 12*g - 7